{"id":159,"date":"2018-06-05T00:05:10","date_gmt":"2018-06-04T22:05:10","guid":{"rendered":"http:\/\/www.baderbraeu.de\/wordpress\/?page_id=159"},"modified":"2023-01-05T23:47:26","modified_gmt":"2023-01-05T21:47:26","slug":"impressum","status":"publish","type":"page","link":"https:\/\/www.baderbr\u00e4u.de\/?page_id=159","title":{"rendered":"Impressum"},"content":{"rendered":"<p>Baderbr\u00e4u Schnaitsee GmbH<\/p>\n<p>Baderweg 4<br \/>\n83530 Schnaitsee<\/p>\n<p>Tel: +49 (0) 176 32 35 70 45<br \/>\nE-Mail:\u00a0<a href=\"mailto:info@baderbraeu.de\">info@baderbraeu.de<br \/>\n<\/a><\/p>\n<p>Gesch\u00e4ftsf\u00fchrer:<br \/>\nEdmund Ernst<\/p>\n<p>Diensteanbieter:<br \/>\nBaderbr\u00e4u Schnaitsee GmbH<\/p>\n<p>Registergericht: Traunstein HRA11163<\/p>\n<p>Gerichtsstand: Amtsgericht Traunstein<br \/>\nHerzog-Otto-Str.1, D-83278 Traunstein<\/p>\n<p>USt-IdNr: DE-287225190<\/p>\n<p>Pers\u00f6nlich haftende Gesellschafterin: Baderbr\u00e4u Schnaitsee Verwaltungs GmbH<\/p>\n","protected":false},"excerpt":{"rendered":"<p>Baderbr\u00e4u Schnaitsee GmbH Baderweg 4 83530 Schnaitsee Tel: +49 (0) 176 32 35 70 45 E-Mail:\u00a0info@baderbraeu.de Gesch\u00e4ftsf\u00fchrer: Edmund Ernst Diensteanbieter: Baderbr\u00e4u Schnaitsee GmbH Registergericht: Traunstein HRA11163 Gerichtsstand: Amtsgericht Traunstein Herzog-Otto-Str.1, D-83278 Traunstein USt-IdNr: DE-287225190 Pers\u00f6nlich haftende Gesellschafterin: Baderbr\u00e4u Schnaitsee Verwaltungs GmbH<\/p>\n","protected":false},"author":1,"featured_media":0,"parent":0,"menu_order":0,"comment_status":"closed","ping_status":"closed","template":"","meta":[],"wppr_data":{"cwp_meta_box_check":"No"},"_links":{"self":[{"href":"https:\/\/www.baderbr\u00e4u.de\/index.php?rest_route=\/wp\/v2\/pages\/159"}],"collection":[{"href":"https:\/\/www.baderbr\u00e4u.de\/index.php?rest_route=\/wp\/v2\/pages"}],"about":[{"href":"https:\/\/www.baderbr\u00e4u.de\/index.php?rest_route=\/wp\/v2\/types\/page"}],"author":[{"embeddable":true,"href":"https:\/\/www.baderbr\u00e4u.de\/index.php?rest_route=\/wp\/v2\/users\/1"}],"replies":[{"embeddable":true,"href":"https:\/\/www.baderbr\u00e4u.de\/index.php?rest_route=%2Fwp%2Fv2%2Fcomments&post=159"}],"version-history":[{"count":7,"href":"https:\/\/www.baderbr\u00e4u.de\/index.php?rest_route=\/wp\/v2\/pages\/159\/revisions"}],"predecessor-version":[{"id":1583,"href":"https:\/\/www.baderbr\u00e4u.de\/index.php?rest_route=\/wp\/v2\/pages\/159\/revisions\/1583"}],"wp:attachment":[{"href":"https:\/\/www.baderbr\u00e4u.de\/index.php?rest_route=%2Fwp%2Fv2%2Fmedia&parent=159"}],"curies":[{"name":"wp","href":"https:\/\/api.w.org\/{rel}","templated":true}]}}

https://www.baderbräu.de/?page_id=159

<p>Baderbräu Schnaitsee GmbH</p>
<p>Baderweg 4<br />
83530 Schnaitsee</p>
<p>Tel: +49 (0) 176 32 35 70 45<br />
E-Mail: <a href="mailto:info@baderbraeu.de">info@baderbraeu.de<br />
</a></p>
<p>Geschäftsführer:<br />
Edmund Ernst</p>
<p>Diensteanbieter:<br />
Baderbräu Schnaitsee GmbH</p>
<p>Registergericht: Traunstein HRA11163</p>
<p>Gerichtsstand: Amtsgericht Traunstein<br />
Herzog-Otto-Str.1, D-83278 Traunstein</p>
<p>USt-IdNr: DE-287225190</p>
<p>Persönlich haftende Gesellschafterin: Baderbräu Schnaitsee Verwaltungs GmbH</p>

<p>Baderbräu Schnaitsee GmbH Baderweg 4 83530 Schnaitsee Tel: +49 (0) 176 32 35 70 45 E-Mail: info@baderbraeu.de Geschäftsführer: Edmund Ernst Diensteanbieter: Baderbräu Schnaitsee GmbH Registergericht: Traunstein HRA11163 Gerichtsstand: Amtsgericht Traunstein Herzog-Otto-Str.1, D-83278 Traunstein USt-IdNr: DE-287225190 Persönlich haftende Gesellschafterin: Baderbräu Schnaitsee Verwaltungs GmbH</p>

https://www.baderbräu.de/index.php?rest_route=/wp/v2/pages/159

https://www.baderbräu.de/index.php?rest_route=/wp/v2/pages

https://www.baderbräu.de/index.php?rest_route=/wp/v2/types/page

https://www.baderbräu.de/index.php?rest_route=/wp/v2/users/1

https://www.baderbräu.de/index.php?rest_route=%2Fwp%2Fv2%2Fcomments&post=159

https://www.baderbräu.de/index.php?rest_route=/wp/v2/pages/159/revisions

https://www.baderbräu.de/index.php?rest_route=/wp/v2/pages/159/revisions/1583

https://www.baderbräu.de/index.php?rest_route=%2Fwp%2Fv2%2Fmedia&parent=159
