{"id":165,"date":"2018-06-05T00:19:09","date_gmt":"2018-06-04T22:19:09","guid":{"rendered":"http:\/\/www.baderbraeu.de\/wordpress\/?page_id=165"},"modified":"2018-11-30T23:38:47","modified_gmt":"2018-11-30T21:38:47","slug":"datenschutzerklaerung","status":"publish","type":"page","link":"https:\/\/www.baderbr\u00e4u.de\/?page_id=165","title":{"rendered":"Datenschutzerkl\u00e4rung"},"content":{"rendered":"<h3>Wer wir sind<\/h3>\n<p>Die Adresse unserer Website ist: https:\/\/www.baderbr\u00e4u.de.<br \/>\nBei Fragen zu Datenschutz und Verarbeitung kannst du uns unter folgender Anschrift und per Mail oder telefonisch erreichen:<br \/>\nBaderbr\u00e4u Schnaitsee GmbH &amp; Co. KG<br \/>\nBaderweg 4<br \/>\n83530 Schnaitsee<\/p>\n<p>Tel: +49 (0) 176 32 35 70 45<br \/>\nE-Mail:\u00a0<a href=\"mailto:info@baderbraeu.de\">info@baderbraeu.de<\/a><\/p>\n<h3>Allgemeines<\/h3>\n<p>Wir behandeln \u00fcbertragene Daten vertraulich und entsprechend der gesetzlichen Datenschutzvorschriften sowie dieser, nach den Vorgaben der europ\u00e4ischen Datenschutzgrundverordnung (DSGVO) gestalteten Datenschutzerkl\u00e4rung.<\/p>\n<p>Wir weisen darauf hin, dass die Daten\u00fcbertragung im Internet (z.B. bei der Kommunikation per E-Mail) Sicherheitsl\u00fccken aufweisen kann. Ein l\u00fcckenloser Schutz der Daten vor dem Zugriff durch Dritte ist nicht m\u00f6glich.<\/p>\n<h3>Cookies<\/h3>\n<p>Wenn du einen Kommentar auf unserer Website schreibst, kann das eine Einwilligung sein, deinen Namen, E-Mail-Adresse und Website in Cookies zu speichern. Dies ist eine Komfortfunktion, damit du nicht, wenn du einen weiteren Kommentar schreibst, all diese Daten erneut eingeben musst. Diese Cookies werden ein Jahr lang gespeichert.<\/p>\n<p>Falls du ein Konto hast und dich auf dieser Website anmeldest, werden wir ein tempor\u00e4res Cookie setzen, um festzustellen, ob dein Browser Cookies akzeptiert. Dieses Cookie enth\u00e4lt keine personenbezogenen Daten und wird verworfen, wenn du deinen Browser schlie\u00dft.<\/p>\n<p>Wenn du dich anmeldest, werden wir einige Cookies einrichten, um deine Anmeldeinformationen und Anzeigeoptionen zu speichern. Anmelde-Cookies verfallen nach zwei Tagen und Cookies f\u00fcr die Anzeigeoptionen nach einem Jahr. Falls du bei der Anmeldung \u201eAngemeldet bleiben\u201c ausw\u00e4hlst, wird deine Anmeldung zwei Wochen lang aufrechterhalten. Mit der Abmeldung aus deinem Konto werden die Anmelde-Cookies gel\u00f6scht.<\/p>\n<p>Wenn du einen Artikel bearbeitest oder ver\u00f6ffentlichst, wird ein zus\u00e4tzlicher Cookie in deinem Browser gespeichert. Dieser Cookie enth\u00e4lt keine personenbezogenen Daten und verweist nur auf die Beitrags-ID des Artikels, den du gerade bearbeitet hast. Der Cookie verf\u00e4llt nach einem Tag.<\/p>\n<h3>Eingebettete Inhalte von anderen Websites<\/h3>\n<p>Beitr\u00e4ge auf dieser Website k\u00f6nnen eingebettete Inhalte beinhalten (z.\u00a0B. Videos, Bilder, Beitr\u00e4ge etc.). Eingebettete Inhalte von anderen Websites verhalten sich exakt so, als ob der Besucher die andere Website besucht h\u00e4tte.<\/p>\n<p>Diese Websites k\u00f6nnen Daten \u00fcber dich sammeln, Cookies benutzen, zus\u00e4tzliche Tracking-Dienste von Dritten einbetten und deine Interaktion mit diesem eingebetteten Inhalt aufzeichnen, inklusive deiner Interaktion mit dem eingebetteten Inhalt, falls du ein Konto hast und auf dieser Website angemeldet bist.<\/p>\n<p>Unser Angebot enth\u00e4lt Links zu externen Webseiten Dritter, auf deren Inhalte wir keinen Einfluss haben. Deshalb k\u00f6nnen wir f\u00fcr diese fremden Inhalte auch keine Gew\u00e4hr \u00fcbernehmen. F\u00fcr die Inhalte der verlinkten Seiten ist stets der jeweilige Anbieter oder Betreiber der Seiten verantwortlich.<\/p>\n<h3>OpenStreetMap<\/h3>\n<p>Zur Darstellung von Geo-Daten verwenden wir das Open-Source-Mapping-Werkzeug \u201eOpenStreetMap\u201c (OSM). OSM speichert keinerlei Daten der Anwender, Termindaten werden nur auf unseren Servern gespeichert. Mehr Details findest du unter\u00a0<a href=\"http:\/\/wiki.openstreetmap.org\/wiki\/Legal_FAQ\">http:\/\/wiki.openstreetmap.org\/wiki\/Legal_FAQ<\/a><\/p>\n<p>&nbsp;<\/p>\n","protected":false},"excerpt":{"rendered":"<p>Wer wir sind Die Adresse unserer Website ist: https:\/\/www.baderbr\u00e4u.de. Bei Fragen zu Datenschutz und Verarbeitung kannst du uns unter folgender Anschrift und per Mail oder telefonisch erreichen: Baderbr\u00e4u Schnaitsee GmbH &amp; Co. KG Baderweg 4 83530 Schnaitsee Tel: +49 (0) 176 32 35 70 45 E-Mail:\u00a0info@baderbraeu.de Allgemeines Wir behandeln \u00fcbertragene Daten vertraulich und entsprechend der [&hellip;]<\/p>\n","protected":false},"author":1,"featured_media":0,"parent":0,"menu_order":0,"comment_status":"closed","ping_status":"closed","template":"","meta":[],"wppr_data":{"cwp_meta_box_check":"No"},"_links":{"self":[{"href":"https:\/\/www.baderbr\u00e4u.de\/index.php?rest_route=\/wp\/v2\/pages\/165"}],"collection":[{"href":"https:\/\/www.baderbr\u00e4u.de\/index.php?rest_route=\/wp\/v2\/pages"}],"about":[{"href":"https:\/\/www.baderbr\u00e4u.de\/index.php?rest_route=\/wp\/v2\/types\/page"}],"author":[{"embeddable":true,"href":"https:\/\/www.baderbr\u00e4u.de\/index.php?rest_route=\/wp\/v2\/users\/1"}],"replies":[{"embeddable":true,"href":"https:\/\/www.baderbr\u00e4u.de\/index.php?rest_route=%2Fwp%2Fv2%2Fcomments&post=165"}],"version-history":[{"count":8,"href":"https:\/\/www.baderbr\u00e4u.de\/index.php?rest_route=\/wp\/v2\/pages\/165\/revisions"}],"predecessor-version":[{"id":568,"href":"https:\/\/www.baderbr\u00e4u.de\/index.php?rest_route=\/wp\/v2\/pages\/165\/revisions\/568"}],"wp:attachment":[{"href":"https:\/\/www.baderbr\u00e4u.de\/index.php?rest_route=%2Fwp%2Fv2%2Fmedia&parent=165"}],"curies":[{"name":"wp","href":"https:\/\/api.w.org\/{rel}","templated":true}]}}