{"id":253,"date":"2018-06-17T18:14:22","date_gmt":"2018-06-17T16:14:22","guid":{"rendered":"http:\/\/www.baderbraeu.de\/wordpress\/?page_id=253"},"modified":"2018-08-28T21:30:51","modified_gmt":"2018-08-28T19:30:51","slug":"brauerei","status":"publish","type":"page","link":"https:\/\/www.baderbr\u00e4u.de\/?page_id=253","title":{"rendered":"Das Baderbr\u00e4u am Baderweg"},"content":{"rendered":"<h3>Die Brauerei<\/h3>\n<p><span lang=\"DE\">Die Brauerei verf\u00fcgt \u00fcber ein modernes, technisches Sudhaus mit Edelstahlbottichen und ist automatisiert. Gebraut wird jedoch nach alten Prinzipien, beispielsweise dem Dekoktionsverfahren, das heute nur mehr von wenigen Brauern verwendet wird. Auch im G\u00e4rkeller arbeiten wir nicht nach dem Trend der Zeit &#8211; n\u00e4mlich in kurzer Zeit immer mehr &#8211;\u00a0 sondern wir lassen unserem Bier Zeit zum Reifen. Dazu geh\u00f6rt eine offene G\u00e4rung und nach dem Schlauchen des Bieres eine entsprechende Lagerzeit im Keller. Unsere Biere werden nicht filtriert, nicht kurzzeiterhitzt oder pasteurisiert. Deshalb ist deren Haltbarkeit begrenzt. Lange Haltbarkeit bei Bieren ist eben kein Qualit\u00e4tsmerkmal!\u00a0 \u00a0<\/span><\/p>\n<div id=\"attachment_258\" style=\"width: 535px\" class=\"wp-caption aligncenter\"><img aria-describedby=\"caption-attachment-258\" loading=\"lazy\" class=\"wp-image-258\" src=\"https:\/\/www.baderbr\u00e4u.de\/wp-content\/uploads\/2018\/06\/bhaus-300x226.jpg\" alt=\"\" width=\"525\" height=\"396\" srcset=\"https:\/\/www.baderbr\u00e4u.de\/wp-content\/uploads\/2018\/06\/bhaus-300x226.jpg 300w, https:\/\/www.baderbr\u00e4u.de\/wp-content\/uploads\/2018\/06\/bhaus.jpg 681w\" sizes=\"(max-width: 525px) 100vw, 525px\" \/><p id=\"caption-attachment-258\" class=\"wp-caption-text\">Das Sudhaus im Jahr 2010<\/p><\/div>\n<h3>Besuch und Direktverkauf beim Baderbr\u00e4u<\/h3>\n<p><span lang=\"DE\">Gerne laden wir Sie ein, auch spontan bei uns vorbeizukommen, unser Sudhaus zu besichtigen und bei einem pers\u00f6nlichen Gespr\u00e4ch mehr \u00fcber uns,\u00a0 die Brauerei, und das Bier zu erfahren. Selbstverst\u00e4ndlich k\u00f6nnen Sie dann auch unser Bier direkt an der Brauerei erwerben. Unsere Brauerei ist t\u00e4glich bis 18 Uhr in Betrieb. <strong><a href=\"https:\/\/www.baderbr\u00e4u.de\/?page_id=57\">Ein kurzer Anruf<\/a><\/strong> ist jedoch n\u00f6tig, weil unser Brauer ja auch mal au\u00dfer Haus ist.<\/span><\/p>\n<div id=\"attachment_257\" style=\"width: 535px\" class=\"wp-caption aligncenter\"><img aria-describedby=\"caption-attachment-257\" loading=\"lazy\" class=\"wp-image-257\" src=\"https:\/\/www.baderbr\u00e4u.de\/wp-content\/uploads\/2018\/06\/P1010940-300x225.jpg\" alt=\"\" width=\"525\" height=\"394\" srcset=\"https:\/\/www.baderbr\u00e4u.de\/wp-content\/uploads\/2018\/06\/P1010940-300x225.jpg 300w, https:\/\/www.baderbr\u00e4u.de\/wp-content\/uploads\/2018\/06\/P1010940-768x576.jpg 768w, https:\/\/www.baderbr\u00e4u.de\/wp-content\/uploads\/2018\/06\/P1010940-1024x768.jpg 1024w, https:\/\/www.baderbr\u00e4u.de\/wp-content\/uploads\/2018\/06\/P1010940.jpg 2048w\" sizes=\"(max-width: 525px) 100vw, 525px\" \/><p id=\"caption-attachment-257\" class=\"wp-caption-text\">Blick in den Lagerkeller<\/p><\/div>\n<p>&nbsp;<\/p>\n<div id=\"attachment_256\" style=\"width: 535px\" class=\"wp-caption aligncenter\"><img aria-describedby=\"caption-attachment-256\" loading=\"lazy\" class=\"wp-image-256\" src=\"https:\/\/www.baderbr\u00e4u.de\/wp-content\/uploads\/2018\/06\/klein-300x225.jpg\" alt=\"\" width=\"525\" height=\"394\" srcset=\"https:\/\/www.baderbr\u00e4u.de\/wp-content\/uploads\/2018\/06\/klein-300x225.jpg 300w, https:\/\/www.baderbr\u00e4u.de\/wp-content\/uploads\/2018\/06\/klein-768x576.jpg 768w, https:\/\/www.baderbr\u00e4u.de\/wp-content\/uploads\/2018\/06\/klein-1024x768.jpg 1024w, https:\/\/www.baderbr\u00e4u.de\/wp-content\/uploads\/2018\/06\/klein.jpg 1080w\" sizes=\"(max-width: 525px) 100vw, 525px\" \/><p id=\"caption-attachment-256\" class=\"wp-caption-text\">Die Schroterei vom Baderbr\u00e4u<\/p><\/div>\n","protected":false},"excerpt":{"rendered":"<p>Die Brauerei Die Brauerei verf\u00fcgt \u00fcber ein modernes, technisches Sudhaus mit Edelstahlbottichen und ist automatisiert. Gebraut wird jedoch nach alten Prinzipien, beispielsweise dem Dekoktionsverfahren, das heute nur mehr von wenigen Brauern verwendet wird. Auch im G\u00e4rkeller arbeiten wir nicht nach dem Trend der Zeit &#8211; n\u00e4mlich in kurzer Zeit immer mehr &#8211;\u00a0 sondern wir lassen [&hellip;]<\/p>\n","protected":false},"author":2,"featured_media":0,"parent":0,"menu_order":0,"comment_status":"closed","ping_status":"closed","template":"","meta":[],"wppr_data":{"cwp_meta_box_check":"No"},"_links":{"self":[{"href":"https:\/\/www.baderbr\u00e4u.de\/index.php?rest_route=\/wp\/v2\/pages\/253"}],"collection":[{"href":"https:\/\/www.baderbr\u00e4u.de\/index.php?rest_route=\/wp\/v2\/pages"}],"about":[{"href":"https:\/\/www.baderbr\u00e4u.de\/index.php?rest_route=\/wp\/v2\/types\/page"}],"author":[{"embeddable":true,"href":"https:\/\/www.baderbr\u00e4u.de\/index.php?rest_route=\/wp\/v2\/users\/2"}],"replies":[{"embeddable":true,"href":"https:\/\/www.baderbr\u00e4u.de\/index.php?rest_route=%2Fwp%2Fv2%2Fcomments&post=253"}],"version-history":[{"count":22,"href":"https:\/\/www.baderbr\u00e4u.de\/index.php?rest_route=\/wp\/v2\/pages\/253\/revisions"}],"predecessor-version":[{"id":549,"href":"https:\/\/www.baderbr\u00e4u.de\/index.php?rest_route=\/wp\/v2\/pages\/253\/revisions\/549"}],"wp:attachment":[{"href":"https:\/\/www.baderbr\u00e4u.de\/index.php?rest_route=%2Fwp%2Fv2%2Fmedia&parent=253"}],"curies":[{"name":"wp","href":"https:\/\/api.w.org\/{rel}","templated":true}]}}