{"id":271,"date":"2018-06-17T18:21:27","date_gmt":"2018-06-17T16:21:27","guid":{"rendered":"http:\/\/www.baderbraeu.de\/wordpress\/?page_id=271"},"modified":"2022-02-24T18:35:49","modified_gmt":"2022-02-24T16:35:49","slug":"dunkles","status":"publish","type":"page","link":"https:\/\/www.baderbr\u00e4u.de\/?page_id=271","title":{"rendered":"Dunkles"},"content":{"rendered":"<p style=\"text-align: left;\">Eine malzbetonte Spezialit\u00e4t mit feinem R\u00f6staroma und 5.1% vol.<\/p>\n<p>Baderbr\u00e4u Dunkel k\u00f6nnen Sie in den Getr\u00e4nkem\u00e4rkten und ab Brauerei in der 0,33 Liter Flasche erwerben. Nat\u00fcrlich f\u00fcllen wir Ihnen auch gerne ein Fass! (in den Gr\u00f6\u00dfen 10 &#8211; 15 &#8211; 20 &#8211; 30 Liter. Wenn m\u00f6glich, mindestens einen Tag vorher telefonisch bestellen)<\/p>\n<p><a href=\"https:\/\/www.baderbr\u00e4u.de\/?page_id=386\">Online bestellen<\/a><\/p>\n<p style=\"text-align: center;\"><a href=\"https:\/\/www.baderbr\u00e4u.de\/?attachment_id=1341\" rel=\"attachment wp-att-1341\"><img loading=\"lazy\" class=\"size-large wp-image-1341 aligncenter\" src=\"https:\/\/www.baderbr\u00e4u.de\/wp-content\/uploads\/2021\/10\/P1040116-572x1024.jpg\" alt=\"\" width=\"572\" height=\"1024\" srcset=\"https:\/\/www.baderbr\u00e4u.de\/wp-content\/uploads\/2021\/10\/P1040116-572x1024.jpg 572w, https:\/\/www.baderbr\u00e4u.de\/wp-content\/uploads\/2021\/10\/P1040116-168x300.jpg 168w, https:\/\/www.baderbr\u00e4u.de\/wp-content\/uploads\/2021\/10\/P1040116-768x1374.jpg 768w, https:\/\/www.baderbr\u00e4u.de\/wp-content\/uploads\/2021\/10\/P1040116-858x1536.jpg 858w, https:\/\/www.baderbr\u00e4u.de\/wp-content\/uploads\/2021\/10\/P1040116-1144x2048.jpg 1144w, https:\/\/www.baderbr\u00e4u.de\/wp-content\/uploads\/2021\/10\/P1040116-28x50.jpg 28w, https:\/\/www.baderbr\u00e4u.de\/wp-content\/uploads\/2021\/10\/P1040116-scaled.jpg 1431w\" sizes=\"(max-width: 572px) 100vw, 572px\" \/><\/a><\/p>\n<p style=\"text-align: center;\"><img loading=\"lazy\" class=\"aligncenter wp-image-346\" src=\"https:\/\/www.baderbr\u00e4u.de\/wp-content\/uploads\/2018\/06\/dunkleSeite-300x214.jpg\" alt=\"\" width=\"525\" height=\"375\" srcset=\"https:\/\/www.baderbr\u00e4u.de\/wp-content\/uploads\/2018\/06\/dunkleSeite-300x214.jpg 300w, https:\/\/www.baderbr\u00e4u.de\/wp-content\/uploads\/2018\/06\/dunkleSeite-768x548.jpg 768w, https:\/\/www.baderbr\u00e4u.de\/wp-content\/uploads\/2018\/06\/dunkleSeite.jpg 800w\" sizes=\"(max-width: 525px) 100vw, 525px\" \/><\/p>\n","protected":false},"excerpt":{"rendered":"<p>Eine malzbetonte Spezialit\u00e4t mit feinem R\u00f6staroma und 5.1% vol. Baderbr\u00e4u Dunkel k\u00f6nnen Sie in den Getr\u00e4nkem\u00e4rkten und ab Brauerei in der 0,33 Liter Flasche erwerben. Nat\u00fcrlich f\u00fcllen wir Ihnen auch gerne ein Fass! (in den Gr\u00f6\u00dfen 10 &#8211; 15 &#8211; 20 &#8211; 30 Liter. Wenn m\u00f6glich, mindestens einen Tag vorher telefonisch bestellen) Online bestellen<\/p>\n","protected":false},"author":1,"featured_media":0,"parent":323,"menu_order":0,"comment_status":"closed","ping_status":"closed","template":"","meta":[],"wppr_data":{"cwp_meta_box_check":"No"},"_links":{"self":[{"href":"https:\/\/www.baderbr\u00e4u.de\/index.php?rest_route=\/wp\/v2\/pages\/271"}],"collection":[{"href":"https:\/\/www.baderbr\u00e4u.de\/index.php?rest_route=\/wp\/v2\/pages"}],"about":[{"href":"https:\/\/www.baderbr\u00e4u.de\/index.php?rest_route=\/wp\/v2\/types\/page"}],"author":[{"embeddable":true,"href":"https:\/\/www.baderbr\u00e4u.de\/index.php?rest_route=\/wp\/v2\/users\/1"}],"replies":[{"embeddable":true,"href":"https:\/\/www.baderbr\u00e4u.de\/index.php?rest_route=%2Fwp%2Fv2%2Fcomments&post=271"}],"version-history":[{"count":16,"href":"https:\/\/www.baderbr\u00e4u.de\/index.php?rest_route=\/wp\/v2\/pages\/271\/revisions"}],"predecessor-version":[{"id":1458,"href":"https:\/\/www.baderbr\u00e4u.de\/index.php?rest_route=\/wp\/v2\/pages\/271\/revisions\/1458"}],"up":[{"embeddable":true,"href":"https:\/\/www.baderbr\u00e4u.de\/index.php?rest_route=\/wp\/v2\/pages\/323"}],"wp:attachment":[{"href":"https:\/\/www.baderbr\u00e4u.de\/index.php?rest_route=%2Fwp%2Fv2%2Fmedia&parent=271"}],"curies":[{"name":"wp","href":"https:\/\/api.w.org\/{rel}","templated":true}]}}

https://www.baderbräu.de/?page_id=271

<p style="text-align: left;">Eine malzbetonte Spezialität mit feinem Röstaroma und 5.1% vol.</p>
<p>Baderbräu Dunkel können Sie in den Getränkemärkten und ab Brauerei in der 0,33 Liter Flasche erwerben. Natürlich füllen wir Ihnen auch gerne ein Fass! (in den Größen 10 &#8211; 15 &#8211; 20 &#8211; 30 Liter. Wenn möglich, mindestens einen Tag vorher telefonisch bestellen)</p>
<p><a href="https://www.baderbräu.de/?page_id=386">Online bestellen</a></p>
<p style="text-align: center;"><a href="https://www.baderbräu.de/?attachment_id=1341" rel="attachment wp-att-1341"><img loading="lazy" class="size-large wp-image-1341 aligncenter" src="https://www.baderbräu.de/wp-content/uploads/2021/10/P1040116-572x1024.jpg" alt="" width="572" height="1024" srcset="https://www.baderbräu.de/wp-content/uploads/2021/10/P1040116-572x1024.jpg 572w, https://www.baderbräu.de/wp-content/uploads/2021/10/P1040116-168x300.jpg 168w, https://www.baderbräu.de/wp-content/uploads/2021/10/P1040116-768x1374.jpg 768w, https://www.baderbräu.de/wp-content/uploads/2021/10/P1040116-858x1536.jpg 858w, https://www.baderbräu.de/wp-content/uploads/2021/10/P1040116-1144x2048.jpg 1144w, https://www.baderbräu.de/wp-content/uploads/2021/10/P1040116-28x50.jpg 28w, https://www.baderbräu.de/wp-content/uploads/2021/10/P1040116-scaled.jpg 1431w" sizes="(max-width: 572px) 100vw, 572px" /></a></p>
<p style="text-align: center;"><img loading="lazy" class="aligncenter wp-image-346" src="https://www.baderbräu.de/wp-content/uploads/2018/06/dunkleSeite-300x214.jpg" alt="" width="525" height="375" srcset="https://www.baderbräu.de/wp-content/uploads/2018/06/dunkleSeite-300x214.jpg 300w, https://www.baderbräu.de/wp-content/uploads/2018/06/dunkleSeite-768x548.jpg 768w, https://www.baderbräu.de/wp-content/uploads/2018/06/dunkleSeite.jpg 800w" sizes="(max-width: 525px) 100vw, 525px" /></p>

<p>Eine malzbetonte Spezialität mit feinem Röstaroma und 5.1% vol. Baderbräu Dunkel können Sie in den Getränkemärkten und ab Brauerei in der 0,33 Liter Flasche erwerben. Natürlich füllen wir Ihnen auch gerne ein Fass! (in den Größen 10 &#8211; 15 &#8211; 20 &#8211; 30 Liter. Wenn möglich, mindestens einen Tag vorher telefonisch bestellen) Online bestellen</p>

https://www.baderbräu.de/index.php?rest_route=/wp/v2/pages/271

https://www.baderbräu.de/index.php?rest_route=/wp/v2/pages

https://www.baderbräu.de/index.php?rest_route=/wp/v2/types/page

https://www.baderbräu.de/index.php?rest_route=/wp/v2/users/1

https://www.baderbräu.de/index.php?rest_route=%2Fwp%2Fv2%2Fcomments&post=271

https://www.baderbräu.de/index.php?rest_route=/wp/v2/pages/271/revisions

https://www.baderbräu.de/index.php?rest_route=/wp/v2/pages/271/revisions/1458

https://www.baderbräu.de/index.php?rest_route=/wp/v2/pages/323

https://www.baderbräu.de/index.php?rest_route=%2Fwp%2Fv2%2Fmedia&parent=271
