{"id":358,"date":"2018-06-17T18:55:26","date_gmt":"2018-06-17T16:55:26","guid":{"rendered":"http:\/\/www.baderbraeu.de\/wordpress\/?page_id=358"},"modified":"2022-02-24T18:58:59","modified_gmt":"2022-02-24T16:58:59","slug":"bock","status":"publish","type":"page","link":"https:\/\/www.baderbr\u00e4u.de\/?page_id=358","title":{"rendered":"Bock"},"content":{"rendered":"<p style=\"text-align: left;\">Zu Weihnachten und f\u00fcr die Fastenzeit brauen wir ein Spezialbier: Einen dunklen Wei\u00dfbier-Doppelbock mit einem Alkoholgehalt von 8,2%. Ab Anfang Dezember gibts unseren Bock in der 1 Liter B\u00fcgelverschlu\u00dfflasche, in der Fastenzeit bis Ostern in der 0,33 Liter Flasche. Zu beziehen in unseren Getr\u00e4nkem\u00e4rkten oder direkt ab Brauerei.<\/p>\n<p><a href=\"https:\/\/www.baderbr\u00e4u.de\/?page_id=386\">Online bestellen<\/a><\/p>\n<p style=\"text-align: center;\">\u00a0<\/p>\n\n\n<div class=\"wp-block-image is-style-default\"><figure class=\"aligncenter size-large\"><a href=\"https:\/\/www.baderbr\u00e4u.de\/wp-content\/uploads\/2022\/02\/Baderbraeu-Doppelbock-Dunkel-Flasche-1-lit-.jpg\"><img loading=\"lazy\" width=\"306\" height=\"1024\" src=\"https:\/\/www.baderbr\u00e4u.de\/wp-content\/uploads\/2022\/02\/Baderbraeu-Doppelbock-Dunkel-Flasche-1-lit--306x1024.jpg\" alt=\"\" class=\"wp-image-1460\" srcset=\"https:\/\/www.baderbr\u00e4u.de\/wp-content\/uploads\/2022\/02\/Baderbraeu-Doppelbock-Dunkel-Flasche-1-lit--306x1024.jpg 306w, https:\/\/www.baderbr\u00e4u.de\/wp-content\/uploads\/2022\/02\/Baderbraeu-Doppelbock-Dunkel-Flasche-1-lit--90x300.jpg 90w, https:\/\/www.baderbr\u00e4u.de\/wp-content\/uploads\/2022\/02\/Baderbraeu-Doppelbock-Dunkel-Flasche-1-lit--459x1536.jpg 459w, https:\/\/www.baderbr\u00e4u.de\/wp-content\/uploads\/2022\/02\/Baderbraeu-Doppelbock-Dunkel-Flasche-1-lit--15x50.jpg 15w, https:\/\/www.baderbr\u00e4u.de\/wp-content\/uploads\/2022\/02\/Baderbraeu-Doppelbock-Dunkel-Flasche-1-lit-.jpg 638w\" sizes=\"(max-width: 306px) 100vw, 306px\" \/><\/a><\/figure><\/div>\n","protected":false},"excerpt":{"rendered":"<p>Zu Weihnachten und f\u00fcr die Fastenzeit brauen wir ein Spezialbier: Einen dunklen Wei\u00dfbier-Doppelbock mit einem Alkoholgehalt von 8,2%. Ab Anfang Dezember gibts unseren Bock in der 1 Liter B\u00fcgelverschlu\u00dfflasche, in der Fastenzeit bis Ostern in der 0,33 Liter Flasche. Zu beziehen in unseren Getr\u00e4nkem\u00e4rkten oder direkt ab Brauerei. Online bestellen \u00a0<\/p>\n","protected":false},"author":1,"featured_media":0,"parent":323,"menu_order":0,"comment_status":"closed","ping_status":"closed","template":"","meta":[],"wppr_data":{"cwp_meta_box_check":"No"},"_links":{"self":[{"href":"https:\/\/www.baderbr\u00e4u.de\/index.php?rest_route=\/wp\/v2\/pages\/358"}],"collection":[{"href":"https:\/\/www.baderbr\u00e4u.de\/index.php?rest_route=\/wp\/v2\/pages"}],"about":[{"href":"https:\/\/www.baderbr\u00e4u.de\/index.php?rest_route=\/wp\/v2\/types\/page"}],"author":[{"embeddable":true,"href":"https:\/\/www.baderbr\u00e4u.de\/index.php?rest_route=\/wp\/v2\/users\/1"}],"replies":[{"embeddable":true,"href":"https:\/\/www.baderbr\u00e4u.de\/index.php?rest_route=%2Fwp%2Fv2%2Fcomments&post=358"}],"version-history":[{"count":11,"href":"https:\/\/www.baderbr\u00e4u.de\/index.php?rest_route=\/wp\/v2\/pages\/358\/revisions"}],"predecessor-version":[{"id":1461,"href":"https:\/\/www.baderbr\u00e4u.de\/index.php?rest_route=\/wp\/v2\/pages\/358\/revisions\/1461"}],"up":[{"embeddable":true,"href":"https:\/\/www.baderbr\u00e4u.de\/index.php?rest_route=\/wp\/v2\/pages\/323"}],"wp:attachment":[{"href":"https:\/\/www.baderbr\u00e4u.de\/index.php?rest_route=%2Fwp%2Fv2%2Fmedia&parent=358"}],"curies":[{"name":"wp","href":"https:\/\/api.w.org\/{rel}","templated":true}]}}