{"id":376,"date":"2018-06-17T19:15:11","date_gmt":"2018-06-17T17:15:11","guid":{"rendered":"http:\/\/www.baderbraeu.de\/wordpress\/?page_id=376"},"modified":"2023-03-24T21:37:20","modified_gmt":"2023-03-24T19:37:20","slug":"das-reinheitsgebot-von-1516","status":"publish","type":"page","link":"https:\/\/www.baderbr\u00e4u.de\/?page_id=376","title":{"rendered":"Unser Team"},"content":{"rendered":"\n<figure class=\"wp-block-image size-large\"><a href=\"https:\/\/www.baderbr\u00e4u.de\/wp-content\/uploads\/2023\/03\/03-Edmund-scaled.jpg\"><img loading=\"lazy\" width=\"1024\" height=\"683\" src=\"https:\/\/www.baderbr\u00e4u.de\/wp-content\/uploads\/2023\/03\/03-Edmund-1024x683.jpg\" alt=\"\" class=\"wp-image-1619\" srcset=\"https:\/\/www.baderbr\u00e4u.de\/wp-content\/uploads\/2023\/03\/03-Edmund-1024x683.jpg 1024w, https:\/\/www.baderbr\u00e4u.de\/wp-content\/uploads\/2023\/03\/03-Edmund-300x200.jpg 300w, https:\/\/www.baderbr\u00e4u.de\/wp-content\/uploads\/2023\/03\/03-Edmund-768x512.jpg 768w, https:\/\/www.baderbr\u00e4u.de\/wp-content\/uploads\/2023\/03\/03-Edmund-1536x1024.jpg 1536w, https:\/\/www.baderbr\u00e4u.de\/wp-content\/uploads\/2023\/03\/03-Edmund-2048x1365.jpg 2048w, https:\/\/www.baderbr\u00e4u.de\/wp-content\/uploads\/2023\/03\/03-Edmund-50x33.jpg 50w\" sizes=\"(max-width: 1024px) 100vw, 1024px\" \/><\/a><figcaption><strong>Unser Br\u00e4u: Edmund Ernst<\/strong><br>Seit 2013 ist Edmund gesch\u00e4ftsf\u00fchrenden Gesellschafter der Brauerei. Seit der Gr\u00fcndung von Baderbr\u00e4u befindet sich in seinem ehemaligen Wohnzimmer nun unser Br\u00e4ust\u00fcberl und im Anbau des Hauses erwartet ihn der Sudkessel. Edmund leitet mit viel Herzblut und Leidenschaft die Brauerei und hat dabei immer ein offenes Ohr f\u00fcr unsere Kunden. Neben der Tagesgesch\u00e4ftabwicklung, dem Leiten der Brauseminare k\u00fcmmert sich Edmund um alles was bei uns in der Brauerei los ist.<br><br><\/figcaption><\/figure>\n\n\n\n<figure class=\"wp-block-image size-large\"><a href=\"https:\/\/www.baderbr\u00e4u.de\/wp-content\/uploads\/2023\/03\/04-Boize-scaled.jpg\"><img loading=\"lazy\" width=\"1024\" height=\"683\" src=\"https:\/\/www.baderbr\u00e4u.de\/wp-content\/uploads\/2023\/03\/04-Boize-1024x683.jpg\" alt=\"\" class=\"wp-image-1620\" srcset=\"https:\/\/www.baderbr\u00e4u.de\/wp-content\/uploads\/2023\/03\/04-Boize-1024x683.jpg 1024w, https:\/\/www.baderbr\u00e4u.de\/wp-content\/uploads\/2023\/03\/04-Boize-300x200.jpg 300w, https:\/\/www.baderbr\u00e4u.de\/wp-content\/uploads\/2023\/03\/04-Boize-768x512.jpg 768w, https:\/\/www.baderbr\u00e4u.de\/wp-content\/uploads\/2023\/03\/04-Boize-1536x1024.jpg 1536w, https:\/\/www.baderbr\u00e4u.de\/wp-content\/uploads\/2023\/03\/04-Boize-2048x1365.jpg 2048w, https:\/\/www.baderbr\u00e4u.de\/wp-content\/uploads\/2023\/03\/04-Boize-50x33.jpg 50w\" sizes=\"(max-width: 1024px) 100vw, 1024px\" \/><\/a><figcaption><strong>Unser Braumeister:<\/strong> <strong>Andreas Pelzberger<\/strong><br>Andreas ist bei uns f\u00fcr die Produktion unserer hochwertigen Biere verantwortlich. Er hat seine Ausbildung bei der Schlossbrauerei Stein absolviert und an der Doemensakademie in Gr\u00e4felfing seinen Braumeistertitel erworben.<br><br><\/figcaption><\/figure>\n\n\n\n<figure class=\"wp-block-image size-large is-style-default\"><a href=\"https:\/\/www.baderbr\u00e4u.de\/wp-content\/uploads\/2022\/02\/IMG_8276-scaled.jpg\"><img loading=\"lazy\" width=\"1024\" height=\"683\" src=\"https:\/\/www.baderbr\u00e4u.de\/wp-content\/uploads\/2022\/02\/IMG_8276-1024x683.jpg\" alt=\"\" class=\"wp-image-1478\" srcset=\"https:\/\/www.baderbr\u00e4u.de\/wp-content\/uploads\/2022\/02\/IMG_8276-1024x683.jpg 1024w, https:\/\/www.baderbr\u00e4u.de\/wp-content\/uploads\/2022\/02\/IMG_8276-300x200.jpg 300w, https:\/\/www.baderbr\u00e4u.de\/wp-content\/uploads\/2022\/02\/IMG_8276-768x512.jpg 768w, https:\/\/www.baderbr\u00e4u.de\/wp-content\/uploads\/2022\/02\/IMG_8276-1536x1024.jpg 1536w, https:\/\/www.baderbr\u00e4u.de\/wp-content\/uploads\/2022\/02\/IMG_8276-2048x1365.jpg 2048w, https:\/\/www.baderbr\u00e4u.de\/wp-content\/uploads\/2022\/02\/IMG_8276-50x33.jpg 50w\" sizes=\"(max-width: 1024px) 100vw, 1024px\" \/><\/a><figcaption><strong>Die Gesellschafter hinter Baderbr\u00e4u:<\/strong><br>Obwohl Bier jung h\u00e4lt, werden auch Gesellschafter \u00e4lter! Hier ein Foto der Gesellschafter der Baderbr\u00e4u GmbH vom Februar 2022. Von links nach rechts: Edmund Ernst, Dr. Thadd\u00e4us Baier, Michael Haas, Sebastian Steer, Korbinian Baier, Franz Fraitzl und Michael Kiermaier<\/figcaption><\/figure>\n","protected":false},"excerpt":{"rendered":"","protected":false},"author":4,"featured_media":0,"parent":0,"menu_order":0,"comment_status":"closed","ping_status":"closed","template":"","meta":[],"wppr_data":{"cwp_meta_box_check":"No"},"_links":{"self":[{"href":"https:\/\/www.baderbr\u00e4u.de\/index.php?rest_route=\/wp\/v2\/pages\/376"}],"collection":[{"href":"https:\/\/www.baderbr\u00e4u.de\/index.php?rest_route=\/wp\/v2\/pages"}],"about":[{"href":"https:\/\/www.baderbr\u00e4u.de\/index.php?rest_route=\/wp\/v2\/types\/page"}],"author":[{"embeddable":true,"href":"https:\/\/www.baderbr\u00e4u.de\/index.php?rest_route=\/wp\/v2\/users\/4"}],"replies":[{"embeddable":true,"href":"https:\/\/www.baderbr\u00e4u.de\/index.php?rest_route=%2Fwp%2Fv2%2Fcomments&post=376"}],"version-history":[{"count":20,"href":"https:\/\/www.baderbr\u00e4u.de\/index.php?rest_route=\/wp\/v2\/pages\/376\/revisions"}],"predecessor-version":[{"id":1624,"href":"https:\/\/www.baderbr\u00e4u.de\/index.php?rest_route=\/wp\/v2\/pages\/376\/revisions\/1624"}],"wp:attachment":[{"href":"https:\/\/www.baderbr\u00e4u.de\/index.php?rest_route=%2Fwp%2Fv2%2Fmedia&parent=376"}],"curies":[{"name":"wp","href":"https:\/\/api.w.org\/{rel}","templated":true}]}}

https://www.baderbräu.de/?page_id=376

<figure class="wp-block-image size-large"><a href="https://www.baderbräu.de/wp-content/uploads/2023/03/03-Edmund-scaled.jpg"><img loading="lazy" width="1024" height="683" src="https://www.baderbräu.de/wp-content/uploads/2023/03/03-Edmund-1024x683.jpg" alt="" class="wp-image-1619" srcset="https://www.baderbräu.de/wp-content/uploads/2023/03/03-Edmund-1024x683.jpg 1024w, https://www.baderbräu.de/wp-content/uploads/2023/03/03-Edmund-300x200.jpg 300w, https://www.baderbräu.de/wp-content/uploads/2023/03/03-Edmund-768x512.jpg 768w, https://www.baderbräu.de/wp-content/uploads/2023/03/03-Edmund-1536x1024.jpg 1536w, https://www.baderbräu.de/wp-content/uploads/2023/03/03-Edmund-2048x1365.jpg 2048w, https://www.baderbräu.de/wp-content/uploads/2023/03/03-Edmund-50x33.jpg 50w" sizes="(max-width: 1024px) 100vw, 1024px" /></a><figcaption><strong>Unser Bräu: Edmund Ernst</strong><br>Seit 2013 ist Edmund geschäftsführenden Gesellschafter der Brauerei. Seit der Gründung von Baderbräu befindet sich in seinem ehemaligen Wohnzimmer nun unser Bräustüberl und im Anbau des Hauses erwartet ihn der Sudkessel. Edmund leitet mit viel Herzblut und Leidenschaft die Brauerei und hat dabei immer ein offenes Ohr für unsere Kunden. Neben der Tagesgeschäftabwicklung, dem Leiten der Brauseminare kümmert sich Edmund um alles was bei uns in der Brauerei los ist.<br><br></figcaption></figure>



<figure class="wp-block-image size-large"><a href="https://www.baderbräu.de/wp-content/uploads/2023/03/04-Boize-scaled.jpg"><img loading="lazy" width="1024" height="683" src="https://www.baderbräu.de/wp-content/uploads/2023/03/04-Boize-1024x683.jpg" alt="" class="wp-image-1620" srcset="https://www.baderbräu.de/wp-content/uploads/2023/03/04-Boize-1024x683.jpg 1024w, https://www.baderbräu.de/wp-content/uploads/2023/03/04-Boize-300x200.jpg 300w, https://www.baderbräu.de/wp-content/uploads/2023/03/04-Boize-768x512.jpg 768w, https://www.baderbräu.de/wp-content/uploads/2023/03/04-Boize-1536x1024.jpg 1536w, https://www.baderbräu.de/wp-content/uploads/2023/03/04-Boize-2048x1365.jpg 2048w, https://www.baderbräu.de/wp-content/uploads/2023/03/04-Boize-50x33.jpg 50w" sizes="(max-width: 1024px) 100vw, 1024px" /></a><figcaption><strong>Unser Braumeister:</strong> <strong>Andreas Pelzberger</strong><br>Andreas ist bei uns für die Produktion unserer hochwertigen Biere verantwortlich. Er hat seine Ausbildung bei der Schlossbrauerei Stein absolviert und an der Doemensakademie in Gräfelfing seinen Braumeistertitel erworben.<br><br></figcaption></figure>



<figure class="wp-block-image size-large is-style-default"><a href="https://www.baderbräu.de/wp-content/uploads/2022/02/IMG_8276-scaled.jpg"><img loading="lazy" width="1024" height="683" src="https://www.baderbräu.de/wp-content/uploads/2022/02/IMG_8276-1024x683.jpg" alt="" class="wp-image-1478" srcset="https://www.baderbräu.de/wp-content/uploads/2022/02/IMG_8276-1024x683.jpg 1024w, https://www.baderbräu.de/wp-content/uploads/2022/02/IMG_8276-300x200.jpg 300w, https://www.baderbräu.de/wp-content/uploads/2022/02/IMG_8276-768x512.jpg 768w, https://www.baderbräu.de/wp-content/uploads/2022/02/IMG_8276-1536x1024.jpg 1536w, https://www.baderbräu.de/wp-content/uploads/2022/02/IMG_8276-2048x1365.jpg 2048w, https://www.baderbräu.de/wp-content/uploads/2022/02/IMG_8276-50x33.jpg 50w" sizes="(max-width: 1024px) 100vw, 1024px" /></a><figcaption><strong>Die Gesellschafter hinter Baderbräu:</strong><br>Obwohl Bier jung hält, werden auch Gesellschafter älter! Hier ein Foto der Gesellschafter der Baderbräu GmbH vom Februar 2022. Von links nach rechts: Edmund Ernst, Dr. Thaddäus Baier, Michael Haas, Sebastian Steer, Korbinian Baier, Franz Fraitzl und Michael Kiermaier</figcaption></figure>

https://www.baderbräu.de/index.php?rest_route=/wp/v2/pages/376

https://www.baderbräu.de/index.php?rest_route=/wp/v2/pages

https://www.baderbräu.de/index.php?rest_route=/wp/v2/types/page

https://www.baderbräu.de/index.php?rest_route=/wp/v2/users/4

https://www.baderbräu.de/index.php?rest_route=%2Fwp%2Fv2%2Fcomments&post=376

https://www.baderbräu.de/index.php?rest_route=/wp/v2/pages/376/revisions

https://www.baderbräu.de/index.php?rest_route=/wp/v2/pages/376/revisions/1624

https://www.baderbräu.de/index.php?rest_route=%2Fwp%2Fv2%2Fmedia&parent=376
