{"id":411,"date":"2018-06-17T19:42:59","date_gmt":"2018-06-17T17:42:59","guid":{"rendered":"http:\/\/www.baderbraeu.de\/wordpress\/?page_id=411"},"modified":"2023-03-24T22:09:40","modified_gmt":"2023-03-24T20:09:40","slug":"braeustueberl","status":"publish","type":"page","link":"https:\/\/www.baderbr\u00e4u.de\/?page_id=411","title":{"rendered":"Br\u00e4ust\u00fcberl und Biergarten"},"content":{"rendered":"\n<figure class=\"wp-block-image size-large\"><a href=\"https:\/\/www.baderbr\u00e4u.de\/wp-content\/uploads\/2023\/03\/biergarten-scaled.jpg\"><img loading=\"lazy\" width=\"1024\" height=\"768\" src=\"https:\/\/www.baderbr\u00e4u.de\/wp-content\/uploads\/2023\/03\/biergarten-1024x768.jpg\" alt=\"\" class=\"wp-image-1625\" srcset=\"https:\/\/www.baderbr\u00e4u.de\/wp-content\/uploads\/2023\/03\/biergarten-1024x768.jpg 1024w, https:\/\/www.baderbr\u00e4u.de\/wp-content\/uploads\/2023\/03\/biergarten-300x225.jpg 300w, https:\/\/www.baderbr\u00e4u.de\/wp-content\/uploads\/2023\/03\/biergarten-768x576.jpg 768w, https:\/\/www.baderbr\u00e4u.de\/wp-content\/uploads\/2023\/03\/biergarten-1536x1152.jpg 1536w, https:\/\/www.baderbr\u00e4u.de\/wp-content\/uploads\/2023\/03\/biergarten-2048x1536.jpg 2048w, https:\/\/www.baderbr\u00e4u.de\/wp-content\/uploads\/2023\/03\/biergarten-50x38.jpg 50w\" sizes=\"(max-width: 1024px) 100vw, 1024px\" \/><\/a><\/figure>\n\n\n\n<h3>Jeden Montag, Donnerstag und Samstag Bewirtung beim Baderbr\u00e4u<\/h3>\n\n\n\n<p><span lang=\"DE\">Erleben Sie die Gem\u00fctlichkeit beim Baderbr\u00e4u in der Gaststube, in der alles begann. Wir haben immer<strong> Montag von 17 bis 23 Uhr,  Donnerstag von 17 bis 24 Uhr und Samstag von 10 bis 13 Uhr\u00a0<\/strong> f\u00fcr Sie ge\u00f6ffnet. Zu unseren Baderbr\u00e4u Bieren servieren wir Ihnen auch abwechselnde Speisen. Bei sch\u00f6nem Wetter ist\u00a0 zus\u00e4tzlich der <strong>Biergarten<\/strong> ge\u00f6ffnet. Von Mai bis September gibt&#8217;s im Rahmen unseres <strong>Kultursommers<\/strong> immer Donnerstags eine <strong>Live Musik<\/strong>. Zudem wird gegrillt. Am <\/span>Samstag gibt&#8217;s immer unseren Wei\u00dfwurst-Fr\u00fchschoppen. <\/p>\n\n\n\n<p><strong>Zur Zeit am Schankhahn:<\/strong><br>Neben unseren Klassikern, Helles und Wei\u00dfbier gibt es auch unser M\u00e4rzen und Dunkles. Neu am Zapfhahn ist unser Baderbr\u00e4u Pils!<\/p>\n\n\n\n<h3>Deine Veranstaltung bei uns im St\u00fcberl oder im Biergarten<\/h3>\n\n\n\n<p>Unser griabiges Br\u00e4ust\u00fcberl und unser sch\u00f6ner Biergarten eignen sich optimal f\u00fcr s\u00e4mtliche Feiereien: Egal ob eine <strong>Familienfeier<\/strong>, eine <strong>Firmenfeier<\/strong> oder eine Geburtstagsfeier ansteht. Nehmt einfach mit uns Kontakt auf um freie Termine zu finden. Wir machen Deine Feier unvergesslich. F\u00fcr besondere Essensw\u00fcnsche arbeiten wir mit einem Caterer zusammen. <br><strong>Kontakt f\u00fcr Anfragen:<\/strong><br>Edmund Ernst: Tel. 0176 32 35 70 45 oder via E-Mail\u00a0<a href=\"mailto:info@baderbraeu.de\">info@baderbraeu.de<\/a> <\/p>\n","protected":false},"excerpt":{"rendered":"<p>Jeden Montag, Donnerstag und Samstag Bewirtung beim Baderbr\u00e4u Erleben Sie die Gem\u00fctlichkeit beim Baderbr\u00e4u in der Gaststube, in der alles begann. Wir haben immer Montag von 17 bis 23 Uhr, Donnerstag von 17 bis 24 Uhr und Samstag von 10 bis 13 Uhr\u00a0 f\u00fcr Sie ge\u00f6ffnet. Zu unseren Baderbr\u00e4u Bieren servieren wir Ihnen auch abwechselnde [&hellip;]<\/p>\n","protected":false},"author":2,"featured_media":0,"parent":0,"menu_order":0,"comment_status":"closed","ping_status":"closed","template":"","meta":[],"wppr_data":{"cwp_meta_box_check":"No"},"_links":{"self":[{"href":"https:\/\/www.baderbr\u00e4u.de\/index.php?rest_route=\/wp\/v2\/pages\/411"}],"collection":[{"href":"https:\/\/www.baderbr\u00e4u.de\/index.php?rest_route=\/wp\/v2\/pages"}],"about":[{"href":"https:\/\/www.baderbr\u00e4u.de\/index.php?rest_route=\/wp\/v2\/types\/page"}],"author":[{"embeddable":true,"href":"https:\/\/www.baderbr\u00e4u.de\/index.php?rest_route=\/wp\/v2\/users\/2"}],"replies":[{"embeddable":true,"href":"https:\/\/www.baderbr\u00e4u.de\/index.php?rest_route=%2Fwp%2Fv2%2Fcomments&post=411"}],"version-history":[{"count":29,"href":"https:\/\/www.baderbr\u00e4u.de\/index.php?rest_route=\/wp\/v2\/pages\/411\/revisions"}],"predecessor-version":[{"id":1626,"href":"https:\/\/www.baderbr\u00e4u.de\/index.php?rest_route=\/wp\/v2\/pages\/411\/revisions\/1626"}],"wp:attachment":[{"href":"https:\/\/www.baderbr\u00e4u.de\/index.php?rest_route=%2Fwp%2Fv2%2Fmedia&parent=411"}],"curies":[{"name":"wp","href":"https:\/\/api.w.org\/{rel}","templated":true}]}}

https://www.baderbräu.de/?page_id=411

Bräustüberl und Biergarten

<figure class="wp-block-image size-large"><a href="https://www.baderbräu.de/wp-content/uploads/2023/03/biergarten-scaled.jpg"><img loading="lazy" width="1024" height="768" src="https://www.baderbräu.de/wp-content/uploads/2023/03/biergarten-1024x768.jpg" alt="" class="wp-image-1625" srcset="https://www.baderbräu.de/wp-content/uploads/2023/03/biergarten-1024x768.jpg 1024w, https://www.baderbräu.de/wp-content/uploads/2023/03/biergarten-300x225.jpg 300w, https://www.baderbräu.de/wp-content/uploads/2023/03/biergarten-768x576.jpg 768w, https://www.baderbräu.de/wp-content/uploads/2023/03/biergarten-1536x1152.jpg 1536w, https://www.baderbräu.de/wp-content/uploads/2023/03/biergarten-2048x1536.jpg 2048w, https://www.baderbräu.de/wp-content/uploads/2023/03/biergarten-50x38.jpg 50w" sizes="(max-width: 1024px) 100vw, 1024px" /></a></figure>



<h3>Jeden Montag, Donnerstag und Samstag Bewirtung beim Baderbräu</h3>



<p><span lang="DE">Erleben Sie die Gemütlichkeit beim Baderbräu in der Gaststube, in der alles begann. Wir haben immer<strong> Montag von 17 bis 23 Uhr,  Donnerstag von 17 bis 24 Uhr und Samstag von 10 bis 13 Uhr </strong> für Sie geöffnet. Zu unseren Baderbräu Bieren servieren wir Ihnen auch abwechselnde Speisen. Bei schönem Wetter ist  zusätzlich der <strong>Biergarten</strong> geöffnet. Von Mai bis September gibt&#8217;s im Rahmen unseres <strong>Kultursommers</strong> immer Donnerstags eine <strong>Live Musik</strong>. Zudem wird gegrillt. Am </span>Samstag gibt&#8217;s immer unseren Weißwurst-Frühschoppen. </p>



<p><strong>Zur Zeit am Schankhahn:</strong><br>Neben unseren Klassikern, Helles und Weißbier gibt es auch unser Märzen und Dunkles. Neu am Zapfhahn ist unser Baderbräu Pils!</p>



<h3>Deine Veranstaltung bei uns im Stüberl oder im Biergarten</h3>



<p>Unser griabiges Bräustüberl und unser schöner Biergarten eignen sich optimal für sämtliche Feiereien: Egal ob eine <strong>Familienfeier</strong>, eine <strong>Firmenfeier</strong> oder eine Geburtstagsfeier ansteht. Nehmt einfach mit uns Kontakt auf um freie Termine zu finden. Wir machen Deine Feier unvergesslich. Für besondere Essenswünsche arbeiten wir mit einem Caterer zusammen. <br><strong>Kontakt für Anfragen:</strong><br>Edmund Ernst: Tel. 0176 32 35 70 45 oder via E-Mail <a href="mailto:info@baderbraeu.de">info@baderbraeu.de</a> </p>

<p>Jeden Montag, Donnerstag und Samstag Bewirtung beim Baderbräu Erleben Sie die Gemütlichkeit beim Baderbräu in der Gaststube, in der alles begann. Wir haben immer Montag von 17 bis 23 Uhr, Donnerstag von 17 bis 24 Uhr und Samstag von 10 bis 13 Uhr  für Sie geöffnet. Zu unseren Baderbräu Bieren servieren wir Ihnen auch abwechselnde [&hellip;]</p>

https://www.baderbräu.de/index.php?rest_route=/wp/v2/pages/411

https://www.baderbräu.de/index.php?rest_route=/wp/v2/pages

https://www.baderbräu.de/index.php?rest_route=/wp/v2/types/page

https://www.baderbräu.de/index.php?rest_route=/wp/v2/users/2

https://www.baderbräu.de/index.php?rest_route=%2Fwp%2Fv2%2Fcomments&post=411

https://www.baderbräu.de/index.php?rest_route=/wp/v2/pages/411/revisions

https://www.baderbräu.de/index.php?rest_route=/wp/v2/pages/411/revisions/1626

https://www.baderbräu.de/index.php?rest_route=%2Fwp%2Fv2%2Fmedia&parent=411
